) be the second derivative of -d**4/12 - 19*d**3/6 + 13*d**2 - 13*d. Let f be g(-18). What is the greatest common divisor of f and 11?
11
Suppose -3*f - 49 = 5*x - 439, 666 = 5*f + 3*x. What is the highest common divisor of 60 and f?
15
Let r be (2323/202)/(((-2)/8)/(-1)). Calculate the greatest common factor of r and 138.
46
Let d = 194 - 124. Calculate the highest common factor of d and 175.
35
Suppose -46*c - 15 = -51*c. Let m be 8/c*(-882)/(-28). What is the greatest common factor of 36 and m?
12
Let b(u) = 94*u**2 + u - 1. Let r be b(2). Suppose 5*n - r = 253. What is the greatest common factor of n and 14?
14
Let g be 16/6*(-12)/(-2). Suppose d - 4*d - 4*l + 260 = 0, -3*l + 335 = 4*d. Calculate the highest common factor of g and d.
16
Let r(q) = -q**3 + 6*q**2 + q. Let v be r(6). Suppose -3*k = -v*k + 396. Let n = -8 + 20. What is the greatest common factor of n and k?
12
Let b(r) = 2*r**2 + 17*r - 1. Let t = 105 - 114. Let z be b(t). What is the highest common factor of 4 and z?
4
Let z = 9 + -12. Let g be ((-5)/25*0)/1. Let p = g - z. Calculate the highest common divisor of p and 15.
3
Let a be (-1 + 4/(-2))*-6. Let o be 1/((-4)/(-60)) - -3. What is the greatest common divisor of a and o?
18
Suppose 6*r - 3*r = 0. Let v be -1*(-2 + r) - (-342 + 2). What is the highest common factor of v and 18?
18
Let m be ((-38)/3 + -2)/((-2)/6). What is the highest common factor of m and 55?
11
Let y = -15 + 36. Let f(c) = c**3 - 3*c**2 + 2*c - 4. Let g be f(4). Let l = y - g. What is the highest common factor of 11 and l?
1
Let h(p) = 3*p**2 + p**3 + 12 - 11*p**2 + 2*p + 6*p**2 + p. Let r be h(0). Calculate the highest common divisor of r and 36.
12
Let q = -746 + 802. Calculate the greatest common divisor of q and 56.
56
Suppose -14*b = -11*b + v, 0 = -v - 3. Calculate the greatest common factor of 8 and b.
1
Let f = -95 - -186. Calculate the greatest common factor of f and 65.
13
Let g = -32 + 28. Let k be 2*(-3)/g - (-930)/20. What is the highest common factor of k and 12?
12
Let b = -541 + 870. What is the greatest common divisor of b and 7?
7
Let k(p) = 11*p + 10. Let t(l) = 15 + 2 + 3 + 23*l. Let v(z) = -9*k(z) + 4*t(z). Let x be v(-6). What is the highest common divisor of 352 and x?
32
Let t(z) = 68*z**3 + 4*z**2 - 9. Let l be t(2). What is the greatest common factor of 19 and l?
19
Let j(k) = 4*k**2 + 2*k + 3. Let b be j(-1). Let v(i) = 39*i - 34. Let d be v(b). Calculate the greatest common factor of d and 23.
23
Suppose 3*a = -4*u + 15, -4*u + 4 = a - 1. Suppose u = 4*z + 4*s - 6 - 30, -5*z + 5*s + 5 = 0. What is the greatest common divisor of 15 and z?
5
Suppose 52*x = 1676 - 168. What is the highest common factor of 232 and x?
29
Let l(s) = 6*s + 196. Let w be l(-26). Calculate the greatest common factor of w and 15.
5
Suppose 0*u = -4*u + 1180. Suppose -5*b + r = 6*r - u, -260 = -4*b + 2*r. Calculate the highest common divisor of 9 and b.
9
Let x be (-8)/12 + 332/12. Let z = 32 - x. Suppose 0 = z*o - 217 - 553. Calculate the greatest common divisor of 14 and o.
14
Suppose -3*s - s = -16. Let w(y) = -1 + s*y + 0*y + 0*y + 3*y. Let u be w(3). What is the greatest common factor of 100 and u?
20
Let v(n) be the first derivative of -n**2/2 + 47*n + 22. Let x be v(16). What is the greatest common divisor of 62 and x?
31
Suppose -4*l = -a + 18, l + 5*a = -0*l - 15. Let h be 2/l - (-587)/5. Let u(o) = -4*o + 121. Let y be u(27). Calculate the highest common factor of h and y.
13
Suppose b + 2*m + 3 = -m, 0 = 4*b + 5*m - 23. Calculate the highest common factor of 78 and b.
6
Suppose 0 = -8*n + 7*n + 21. Let i = n - -5. What is the highest common divisor of 130 and i?
26
Let r(m) = -m**3 - 7*m**2 + 3. Let d be r(-7). Let k be 3 - ((-54)/2 + -2). Let v be (k/(-10))/(4/(-30)). Calculate the highest common factor of d and v.
3
Let r be 2/(-7) + 4/14 + -1. Let m be (-8380)/(-100) + ((-4)/5 - r). What is the highest common divisor of m and 21?
21
Let r(t) = -7*t - 124. Let h be r(-18). Calculate the highest common divisor of 50 and h.
2
Let x be ((-21)/(-6))/7*(-42)/(-3). Let u be (-9*12/(-21) - 0)*x. Calculate the highest common divisor of u and 8.
4
Let r be (12/30)/((-1)/(-10)). Let j(k) = -k + 6. Let p be j(3). Suppose -p*y = 3*c + 2*c - 63, -3*c + 40 = r*y. What is the highest common factor of c and 108?
12
Let l be (-2 - -7)*(-10 + 12). What is the greatest common divisor of l and 160?
10
Suppose -5*u - k + 78 + 40 = 0, -5*k - 10 = 0. What is the greatest common divisor of u and 372?
12
Suppose 4*y = 124 - 36. Let r(x) = x + 14. Let l be r(-10). Suppose 15*s - l*s = 22. Calculate the highest common divisor of y and s.
2
Suppose 0*j + 196 = 7*j. What is the highest common divisor of j and 42?
14
Let f = 432 - 282. What is the highest common factor of f and 100?
50
Let n be (-402)/(-335)*25*(-2)/(-4). What is the highest common divisor of 705 and n?
15
Let s = -44 - -26. Let q = s - -32. Let u be ((-70)/(-40))/((-1)/(-8)). What is the highest common factor of q and u?
14
Let n(d) = 30*d**3 - 2*d**2 + 2*d. Let l be (-161)/(-138) - 1/6. Let h be n(l). What is the greatest common divisor of h and 90?
30
Let t = 665 - 626. Calculate the highest common divisor of t and 481.
13
Let y be 6/(-12)*-52 + 1 - -1. What is the highest common factor of 350 and y?
14
Suppose 8*r - r - 2212 = 0. Let l = r - 109. Calculate the greatest common divisor of l and 23.
23
Let f be 96/(-18)*3*-2. Calculate the highest common divisor of 40 and f.
8
Let g = 27 - 33. Let i be (-64)/(((-2)/8)/((-3)/g)). Calculate the greatest common factor of 32 and i.
32
Suppose 3*m + 5*a - 46 = 9, 0 = -a + 5. Let d(u) = m*u + 3 - u**2 + 2*u**2 - 16*u + u. Let t be d(6). What is the greatest common factor of t and 36?
9
Suppose 2*h = -5*w + 142, -3*w - 2*h = 3*h - 89. Let z = -43 - -66. Let m = w - z. What is the highest common factor of m and 50?
5
Suppose 0 = 3*a - 2*r - 941, 5*a + 0 = -4*r + 1583. What is the greatest common factor of 441 and a?
63
Let h(s) = -s**2 - 69*s - 646. Let y be h(-31). What is the greatest common divisor of y and 133?
133
Suppose -153 - 39 = -6*w. Calculate the highest common factor of 24 and w.
8
Suppose 229 = 4*l + r - 47, 0 = -3*l - 5*r + 190. What is the highest common factor of 7 and l?
7
Let r be -35 - -1 - (-1)/(-1). Suppose -2*s + 3*o + 44 = -95, -o + 214 = 3*s. Let y = s + r. Calculate the greatest common factor of y and 9.
9
Let k(x) = -x**2 + x + 19. Let f be k(7). Let o = f - -45. Calculate the greatest common divisor of 198 and o.
22
Let d be 30*-1*((-370)/50 - -7). Calculate the highest common factor of d and 564.
12
Let h(p) = p + 10. Let o(b) = -6*b - 2. Let g be o(1). Let w be h(g). Let m be 34*(21/w)/7. What is the highest common factor of 34 and m?
17
Let j be 4/(8/(-4)) + 2. Suppose 7*v - 117 + 33 = j. Let i be (89 - v) + (1 - -2). Calculate the greatest common divisor of i and 16.
16
Let m = 3049 - 2743. What is the greatest common divisor of 198 and m?
18
Let i(d) = -d**3 + 8*d**2 - d + 6. Let l be i(7). Suppose -l = -11*z - 4. Calculate the highest common divisor of 44 and z.
4
Let k = -1909 + 1962. Calculate the greatest common divisor of 5 and k.
1
Suppose -5*o + 3 = -7. Let s = -7 - o. Let b be (-543)/s + 2/(-6). What is the highest common divisor of b and 24?
12
Let u(m) = -m**2 - 19*m + 6. Let r be u(-19). Let c(j) = -j**3 - 12*j**2 - 5*j - 6. Let t be c(-12). What is the greatest common factor of r and t?
6
Let g(n) = 3*n - 54. Let m be g(19). What is the greatest common divisor of 96 and m?
3
Suppose 0 = 238*p - 233*p - 8850. What is the highest common factor of 30 and p?
30
Suppose 4*c = 4*l + 3*c - 36, -2*l + 3*c = -8. What is the highest common divisor of l and 10?
10
Let z be -7*20/12*3. Let b = z + 43. What is the greatest common divisor of b and 16?
8
Let i be -2*(-1 - (-2 + 2)). Suppose -550 = -8*m - i*m. Calculate the greatest common divisor of 22 and m.
11
Let z = -49 + 50. Let j(a) = 14*a**3 + 2*a**2 - 4*a + 2. Let h be j(z). What is the greatest common factor of h and 2?
2
Let d(p) = -4 + 6 - 1 + 7*p**2. Let m be ((-14)/(-7))/(-1*(2 + 0)). Let b be d(m). What is the highest common factor of b and 1?
1
Suppose 3*u + 619 = 2*r - 169, 3*r + 4*u - 1216 = 0. Calculate the greatest common divisor of r and 80.
80
Let r(y)